[INFO] fetching crate granne 0.5.0...
[INFO] checking granne-0.5.0 against master#cfbc6d4cf1acbac5c025acf8ed68929caa551df3 for pr-75494-beta
[INFO] extracting crate granne 0.5.0 into /workspace/builds/worker-0/source
[INFO] validating manifest of crates.io crate granne 0.5.0 on toolchain cfbc6d4cf1acbac5c025acf8ed68929caa551df3
[INFO] running `Command { std: "/workspace/cargo-home/bin/cargo" "+cfbc6d4cf1acbac5c025acf8ed68929caa551df3" "read-manifest" "--manifest-path" "Cargo.toml", kill_on_drop: false }`
[INFO] started tweaking crates.io crate granne 0.5.0
[INFO] finished tweaking crates.io crate granne 0.5.0
[INFO] tweaked toml for crates.io crate granne 0.5.0 written to /workspace/builds/worker-0/source/Cargo.toml
[INFO] crate crates.io crate granne 0.5.0 already has a lockfile, it will not be regenerated
[INFO] running `Command { std: "/workspace/cargo-home/bin/cargo" "+cfbc6d4cf1acbac5c025acf8ed68929caa551df3" "fetch" "--locked" "--manifest-path" "Cargo.toml", kill_on_drop: false }`
[INFO] [stderr]  Downloading crates ...
[INFO] [stderr]   Downloaded blas v0.20.0
[INFO] [stderr]   Downloaded blas-sys v0.7.1
[INFO] [stderr]   Downloaded pbr v1.0.2
[INFO] [stderr]   Downloaded madvise v0.1.0
[INFO] [stderr]   Downloaded stream-vbyte v0.3.2
[INFO] running `Command { std: "docker" "create" "-v" "/var/lib/crater-agent-workspace/builds/worker-0/target:/opt/rustwide/target:rw,Z" "-v" "/var/lib/crater-agent-workspace/builds/worker-0/source:/opt/rustwide/workdir:ro,Z" "-v" "/var/lib/crater-agent-workspace/cargo-home:/opt/rustwide/cargo-home:ro,Z" "-v" "/var/lib/crater-agent-workspace/rustup-home:/opt/rustwide/rustup-home:ro,Z" "-e" "SOURCE_DIR=/opt/rustwide/workdir" "-e" "CARGO_TARGET_DIR=/opt/rustwide/target" "-e" "CARGO_HOME=/opt/rustwide/cargo-home" "-e" "RUSTUP_HOME=/opt/rustwide/rustup-home" "-w" "/opt/rustwide/workdir" "-m" "1610612736" "--user" "0:0" "--network" "none" "rustops/crates-build-env@sha256:a636fd89d022f18117e1dc8fb37a0a009933cdbbe082814857f0e2024962d47c" "/opt/rustwide/cargo-home/bin/cargo" "+cfbc6d4cf1acbac5c025acf8ed68929caa551df3" "metadata" "--no-deps" "--format-version=1", kill_on_drop: false }`
[INFO] [stdout] c4b6ed7c147e00e38ad5a2b4cc1c154cbd1fcec649f85ea94aac648de8666e51
[INFO] [stderr] WARNING: Your kernel does not support swap limit capabilities or the cgroup is not mounted. Memory limited without swap.
[INFO] running `Command { std: "docker" "start" "-a" "c4b6ed7c147e00e38ad5a2b4cc1c154cbd1fcec649f85ea94aac648de8666e51", kill_on_drop: false }`
[INFO] running `Command { std: "docker" "inspect" "c4b6ed7c147e00e38ad5a2b4cc1c154cbd1fcec649f85ea94aac648de8666e51", kill_on_drop: false }`
[INFO] running `Command { std: "docker" "rm" "-f" "c4b6ed7c147e00e38ad5a2b4cc1c154cbd1fcec649f85ea94aac648de8666e51", kill_on_drop: false }`
[INFO] [stdout] c4b6ed7c147e00e38ad5a2b4cc1c154cbd1fcec649f85ea94aac648de8666e51
[INFO] running `Command { std: "docker" "create" "-v" "/var/lib/crater-agent-workspace/builds/worker-0/target:/opt/rustwide/target:rw,Z" "-v" "/var/lib/crater-agent-workspace/builds/worker-0/source:/opt/rustwide/workdir:ro,Z" "-v" "/var/lib/crater-agent-workspace/cargo-home:/opt/rustwide/cargo-home:ro,Z" "-v" "/var/lib/crater-agent-workspace/rustup-home:/opt/rustwide/rustup-home:ro,Z" "-e" "SOURCE_DIR=/opt/rustwide/workdir" "-e" "CARGO_TARGET_DIR=/opt/rustwide/target" "-e" "CARGO_INCREMENTAL=0" "-e" "RUST_BACKTRACE=full" "-e" "RUSTFLAGS=--cap-lints=forbid" "-e" "CARGO_HOME=/opt/rustwide/cargo-home" "-e" "RUSTUP_HOME=/opt/rustwide/rustup-home" "-w" "/opt/rustwide/workdir" "-m" "1610612736" "--user" "0:0" "--network" "none" "rustops/crates-build-env@sha256:a636fd89d022f18117e1dc8fb37a0a009933cdbbe082814857f0e2024962d47c" "/opt/rustwide/cargo-home/bin/cargo" "+cfbc6d4cf1acbac5c025acf8ed68929caa551df3" "check" "--frozen" "--all" "--all-targets" "--message-format=json", kill_on_drop: false }`
[INFO] [stderr] WARNING: Your kernel does not support swap limit capabilities or the cgroup is not mounted. Memory limited without swap.
[INFO] [stdout] df224a4aa0488e214b223b575dd3dbdc24be75bb7f453b1c77453c6d8929cb56
[INFO] running `Command { std: "docker" "start" "-a" "df224a4aa0488e214b223b575dd3dbdc24be75bb7f453b1c77453c6d8929cb56", kill_on_drop: false }`
[INFO] [stderr]     Checking scopeguard v1.0.0
[INFO] [stderr]     Checking ppv-lite86 v0.2.6
[INFO] [stderr]    Compiling serde v1.0.104
[INFO] [stderr]     Checking stable_deref_trait v1.1.1
[INFO] [stderr]    Compiling granne v0.5.0 (/opt/rustwide/workdir)
[INFO] [stderr]     Checking remove_dir_all v0.5.2
[INFO] [stderr]    Compiling crossbeam-utils v0.7.0
[INFO] [stderr]    Compiling crossbeam-epoch v0.8.0
[INFO] [stderr]    Compiling num-traits v0.2.11
[INFO] [stderr]     Checking getrandom v0.1.14
[INFO] [stderr]     Checking num_cpus v1.12.0
[INFO] [stderr]     Checking parking_lot_core v0.7.0
[INFO] [stderr]     Checking madvise v0.1.0
[INFO] [stderr]     Checking memmap v0.7.0
[INFO] [stderr]    Compiling memoffset v0.5.3
[INFO] [stderr]     Checking pbr v1.0.2
[INFO] [stderr]     Checking flate2 v1.0.13
[INFO] [stderr]     Checking owning_ref v0.4.0
[INFO] [stderr]     Checking stream-vbyte v0.3.2
[INFO] [stderr]     Checking fxhash v0.2.1
[INFO] [stderr]     Checking lock_api v0.3.3
[INFO] [stderr]     Checking rand_core v0.5.1
[INFO] [stderr]     Checking parking_lot v0.10.0
[INFO] [stderr]     Checking c2-chacha v0.2.3
[INFO] [stderr]     Checking crossbeam-queue v0.2.1
[INFO] [stderr]     Checking rand_chacha v0.2.1
[INFO] [stderr]     Checking rand v0.7.3
[INFO] [stderr]     Checking crossbeam-deque v0.7.2
[INFO] [stderr]     Checking rayon-core v1.7.0
[INFO] [stderr]     Checking ordered-float v1.0.2
[INFO] [stderr]     Checking rayon v1.3.0
[INFO] [stderr]     Checking tempfile v3.1.0
[INFO] [stderr]     Checking serde_json v1.0.48
[INFO] [stdout] error[E0308]: mismatched types
[INFO] [stdout]   --> src/elements/dense_vector.rs:86:17
[INFO] [stdout]    |
[INFO] [stdout] 86 |                 Self(self.0.into_owned())
[INFO] [stdout]    |                 ^^^^^^^^^^^^^^^^^^^^^^^^^ lifetime mismatch
[INFO] [stdout]    | 
[INFO] [stdout]   ::: src/elements/angular.rs:53:1
[INFO] [stdout]    |
[INFO] [stdout] 53 | dense_vector!(f32);
[INFO] [stdout]    | ------------------- in this macro invocation
[INFO] [stdout]    |
[INFO] [stdout]    = note: expected struct `elements::angular::Vectors<'static>`
[INFO] [stdout]               found struct `elements::angular::Vectors<'a>`
[INFO] [stdout] note: the lifetime `'a` as defined on the impl at 40:14...
[INFO] [stdout]   --> src/elements/dense_vector.rs:40:14
[INFO] [stdout]    |
[INFO] [stdout] 40 |         impl<'a> Vectors<'a> {
[INFO] [stdout]    |              ^^
[INFO] [stdout]    | 
[INFO] [stdout]   ::: src/elements/angular.rs:53:1
[INFO] [stdout]    |
[INFO] [stdout] 53 | dense_vector!(f32);
[INFO] [stdout]    | ------------------- in this macro invocation
[INFO] [stdout]    = note: ...does not necessarily outlive the static lifetime
[INFO] [stdout]    = note: this error originates in a macro (in Nightly builds, run with -Z macro-backtrace for more info)
[INFO] [stdout] 
[INFO] [stdout] 
[INFO] [stdout] error[E0308]: mismatched types
[INFO] [stdout]   --> src/elements/dense_vector.rs:86:17
[INFO] [stdout]    |
[INFO] [stdout] 86 |                 Self(self.0.into_owned())
[INFO] [stdout]    |                 ^^^^^^^^^^^^^^^^^^^^^^^^^ lifetime mismatch
[INFO] [stdout]    | 
[INFO] [stdout]   ::: src/elements/angular_int.rs:17:1
[INFO] [stdout]    |
[INFO] [stdout] 17 | dense_vector!(i8);
[INFO] [stdout]    | ------------------ in this macro invocation
[INFO] [stdout]    |
[INFO] [stdout]    = note: expected struct `elements::angular_int::Vectors<'static>`
[INFO] [stdout]               found struct `elements::angular_int::Vectors<'a>`
[INFO] [stdout] note: the lifetime `'a` as defined on the impl at 40:14...
[INFO] [stdout]   --> src/elements/dense_vector.rs:40:14
[INFO] [stdout]    |
[INFO] [stdout] 40 |         impl<'a> Vectors<'a> {
[INFO] [stdout]    |              ^^
[INFO] [stdout]    | 
[INFO] [stdout]   ::: src/elements/angular_int.rs:17:1
[INFO] [stdout]    |
[INFO] [stdout] 17 | dense_vector!(i8);
[INFO] [stdout]    | ------------------ in this macro invocation
[INFO] [stdout]    = note: ...does not necessarily outlive the static lifetime
[INFO] [stdout]    = note: this error originates in a macro (in Nightly builds, run with -Z macro-backtrace for more info)
[INFO] [stdout] 
[INFO] [stdout] 
[INFO] [stdout] error[E0308]: mismatched types
[INFO] [stdout]   --> src/elements/dense_vector.rs:86:17
[INFO] [stdout]    |
[INFO] [stdout] 86 |                 Self(self.0.into_owned())
[INFO] [stdout]    |                 ^^^^^^^^^^^^^^^^^^^^^^^^^ lifetime mismatch
[INFO] [stdout]    | 
[INFO] [stdout]   ::: src/elements/angular.rs:53:1
[INFO] [stdout]    |
[INFO] [stdout] 53 | dense_vector!(f32);
[INFO] [stdout]    | ------------------- in this macro invocation
[INFO] [stdout]    |
[INFO] [stdout]    = note: expected struct `elements::angular::Vectors<'static>`
[INFO] [stdout]               found struct `elements::angular::Vectors<'a>`
[INFO] [stdout] note: the lifetime `'a` as defined on the impl at 40:14...
[INFO] [stdout]   --> src/elements/dense_vector.rs:40:14
[INFO] [stdout]    |
[INFO] [stdout] 40 |         impl<'a> Vectors<'a> {
[INFO] [stdout]    |              ^^
[INFO] [stdout]    | 
[INFO] [stdout]   ::: src/elements/angular.rs:53:1
[INFO] [stdout]    |
[INFO] [stdout] 53 | dense_vector!(f32);
[INFO] [stdout]    | ------------------- in this macro invocation
[INFO] [stdout]    = note: ...does not necessarily outlive the static lifetime
[INFO] [stdout]    = note: this error originates in a macro (in Nightly builds, run with -Z macro-backtrace for more info)
[INFO] [stdout] 
[INFO] [stdout] 
[INFO] [stdout] error[E0308]: mismatched types
[INFO] [stdout]   --> src/elements/dense_vector.rs:86:17
[INFO] [stdout]    |
[INFO] [stdout] 86 |                 Self(self.0.into_owned())
[INFO] [stdout]    |                 ^^^^^^^^^^^^^^^^^^^^^^^^^ lifetime mismatch
[INFO] [stdout]    | 
[INFO] [stdout]   ::: src/elements/angular_int.rs:17:1
[INFO] [stdout]    |
[INFO] [stdout] 17 | dense_vector!(i8);
[INFO] [stdout]    | ------------------ in this macro invocation
[INFO] [stdout]    |
[INFO] [stdout]    = note: expected struct `elements::angular_int::Vectors<'static>`
[INFO] [stdout]               found struct `elements::angular_int::Vectors<'a>`
[INFO] [stdout] note: the lifetime `'a` as defined on the impl at 40:14...
[INFO] [stdout]   --> src/elements/dense_vector.rs:40:14
[INFO] [stdout]    |
[INFO] [stdout] 40 |         impl<'a> Vectors<'a> {
[INFO] [stdout]    |              ^^
[INFO] [stdout]    | 
[INFO] [stdout]   ::: src/elements/angular_int.rs:17:1
[INFO] [stdout]    |
[INFO] [stdout] 17 | dense_vector!(i8);
[INFO] [stdout]    | ------------------ in this macro invocation
[INFO] [stdout]    = note: ...does not necessarily outlive the static lifetime
[INFO] [stdout]    = note: this error originates in a macro (in Nightly builds, run with -Z macro-backtrace for more info)
[INFO] [stdout] 
[INFO] [stdout] 
[INFO] [stdout] error: aborting due to 2 previous errors
[INFO] [stdout] 
[INFO] [stdout] 
[INFO] [stdout] For more information about this error, try `rustc --explain E0308`.
[INFO] [stdout] 
[INFO] [stderr] error: could not compile `granne`.
[INFO] [stderr] 
[INFO] [stderr] To learn more, run the command again with --verbose.
[INFO] [stderr] warning: build failed, waiting for other jobs to finish...
[INFO] [stdout] error: aborting due to 2 previous errors
[INFO] [stdout] 
[INFO] [stdout] 
[INFO] [stdout] For more information about this error, try `rustc --explain E0308`.
[INFO] [stdout] 
[INFO] [stderr] error: build failed
[INFO] running `Command { std: "docker" "inspect" "df224a4aa0488e214b223b575dd3dbdc24be75bb7f453b1c77453c6d8929cb56", kill_on_drop: false }`
[INFO] running `Command { std: "docker" "rm" "-f" "df224a4aa0488e214b223b575dd3dbdc24be75bb7f453b1c77453c6d8929cb56", kill_on_drop: false }`
[INFO] [stdout] df224a4aa0488e214b223b575dd3dbdc24be75bb7f453b1c77453c6d8929cb56
